divided by (25 - 6) + 2/g*-4.
17
Suppose 4*m = 8*m. Suppose m = -u + 7*u - 618. What is the remainder when u is divided by 26?
25
Let v be 4/(-14) - (-4)/14. Let c = 113 - v. What is the remainder when c is divided by 31?
20
Let f be ((-4)/(-6))/(-2)*(-29 + -4). Let b = 16 - f. Calculate the remainder when 20/(-6)*18/(-5) is divided by b.
2
Let y = 66 - 67. What is the remainder when 7 is divided by (5 - 4)/(y + 9/6)?
1
Let i = -287 - -288. What is the remainder when 3 is divided by i?
0
Let d(t) = 2*t**3 - 9*t**2 - 4*t + 3. Let h be d(4). Let g = h - -34. Calculate the remainder when 29 is divided by g.
4
Let z = 5 + -3. Suppose -5*b - 12 + 30 = o, 0 = -5*b - z*o + 16. Let d = b - -12. What is the remainder when 46 is divided by d?
14
Suppose 1073 = 20*k - 587. Calculate the remainder when 258 is divided by k.
9
Suppose -7760*z + 7774*z = 1610. Calculate the remainder when 1031 is divided by z.
111
Suppose -1 + 40 = 13*m. What is the remainder when 2/9 + 86/18 is divided by m?
2
Suppose -2*f + 0*f + 5*l = -248, 4*l + 16 = 0. Suppose -4*k - d + f = -k, -d = 2*k - 75. What is the remainder when k is divided by 14?
11
Let u = 140 + -127. What is the remainder when 39 is divided by u?
0
Suppose 81*p - 97*p + 1024 = 0. What is the remainder when 1086 is divided by p?
62
Suppose 0 = 4*b - y + 5*y + 40, -4*y = 2*b + 20. Suppose 4*m = -0*m - 44. Calculate the remainder when 26 is divided by -1*9*(m - b).
8
Let q = 0 - -1. Let y(m) = m**2 + 58*m + 698. Calculate the remainder when y(-41) is divided by q.
0
Suppose 2*u = z - 6*z + 32, 2*z - 4*u - 8 = 0. What is the remainder when 89 is divided by (-3 + 10/z)*-15 + -2?
17
Suppose 0 = -b + 61 + 170. Let w = b + -115. Calculate the remainder when w is divided by 20.
16
Suppose -6*a + 2672 = 1022. Calculate the remainder when a is divided by 35.
30
Suppose 3*u + 40 = -5. Let w = u + 7. Let i = 13 + w. What is the remainder when 9 is divided by i?
4
Let u(o) = -21*o**3 - 2*o**2 - 2*o - 1. Let x be u(-1). Let y = x + -5. Let d = 23 - y. Calculate the remainder when 14 is divided by d.
6
Let p = 13 + -36. Suppose 3*t - 2 + 5 = 0. Let a = t - p. What is the remainder when 87 is divided by a?
21
Let k(d) = -d**3 - 6*d**2 - 4*d + 14. Let j be k(-6). Let o = j + -23. What is the remainder when 89 is divided by o?
14
Suppose -2*o + 281 - 189 = 0. What is the remainder when 136 is divided by o?
44
Suppose -370 - 218 = -14*v. Calculate the remainder when 161 is divided by v.
35
Suppose 6*c + 54 = 10*c + 2*b, -b + 12 = c. What is the remainder when 67 is divided by c?
7
Let v = 25 + -21. Suppose -v*d - 2*a = 22, -5*a - 24 - 4 = d. What is the remainder when 13 is divided by 11 + d - (3 - 2)?
6
Suppose -i = -5*q - 22, 4*q - 23 = -6*i + i. Let s = i - -11. What is the remainder when s is divided by 10?
8
Suppose 2*w + 2*n - 46 = 0, -5*n + 43 = -2*w + 3*w. Calculate the remainder when 140 is divided by w.
14
Let l be (-270)/35*14/(-2). Suppose -2*h - 4 = -l. What is the remainder when 245/h - 2/(-10) is divided by 2?
0
Suppose -8 = -4*r, -3*g - 4*r + 281 = 27. Suppose -4*c = 3*j + 185, 110 = -3*j - c - 60. Let z = j + g. What is the remainder when z is divided by 5?
2
Let n = -185 - -362. What is the remainder when n is divided by 12?
9
Suppose 2*l + 1875 = 17*l. Calculate the remainder when l is divided by 60.
5
Let d = 29 - 28. Calculate the remainder when 148/(-1)*d/(-4) is divided by 13.
11
Let i(n) = -n**3 + 17*n**2 + 42*n + 62. Calculate the remainder when i(18) is divided by 31.
29
Let s be 2 - (-2)/(-1)*1. Let d = 14 + s. Let x = -20 - -61. Calculate the remainder when x is divided by d.
13
Suppose 61*i - 666 = 24*i. Let f = 18 + -11. Calculate the remainder when i is divided by f.
4
Suppose -10*x - 3024 = -18*x. Suppose 0 = -5*r + x + 12. Calculate the remainder when r is divided by 20.
18
Let j = 34 + -23. Suppose 32*x - 1746 = 14*x. What is the remainder when x is divided by j?
9
Let g(d) = -d**3 - 6*d**2 - 4*d + 10. Let p(y) = -3*y**2 - 3*y - 1. Let c be p(-2). Let f = c - -14. Calculate the remainder when f is divided by g(-5).
2
Suppose 2*i + 3 = 5*i. Let m(z) be the second derivative of z**4/2 - z**3/6 + 14*z. Calculate the remainder when 8 is divided by m(i).
3
Let j(n) = n**3 + 9*n**2 + 15*n - 6. Let a be (-4)/((-2)/6*-2). What is the remainder when 95 is divided by j(a)?
11
Let j(d) = d**2 - 9*d + 38. Let x be j(14). Let q = x - 95. What is the remainder when 22 is divided by q?
9
Let w(o) = -3*o - 30. Calculate the remainder when 403 is divided by w(-13).
7
Let u(z) = -5*z + 45. Calculate the remainder when 22 is divided by u(6).
7
Suppose 534 = 7*l - 474. What is the remainder when l is divided by 21?
18
What is the remainder when ((-322)/(-4))/((-8)/(-16)) + -4 is divided by 54?
49
Let f = -130 + 133. Calculate the remainder when 136 is divided by f.
1
Suppose 69*j - 4512 = 53*j. Calculate the remainder when j is divided by 32.
26
Let y(m) = m**2 + 3*m - 12. Let w be y(3). Suppose 56 = 2*b + w. What is the remainder when 197 is divided by b?
22
Suppose -i = 140 - 152. Let b(t) = t**2 + 5*t - 3. Let o be b(-6). Calculate the remainder when o/(-12) - (-1047)/i is divided by 22.
21
Suppose 97*p - 46004 + 16128 = 0. Calculate the remainder when p is divided by 68.
36
Let y(v) = v**2 - v + 26. Let l be y(11). Suppose -l + 1 = -3*u. Calculate the remainder when u is divided by 12.
9
Suppose 3*q - 43 = -16. Suppose 0 = -21*l + 20 + 85. Calculate the remainder when q is divided by l.
4
Suppose 2*w + 178 = 222. What is the remainder when 305 is divided by w?
19
Let z = -114 - -146. Let y(a) = -18*a + 3. Calculate the remainder when y(-5) is divided by z.
29
Let g = 2052 - 1884. Calculate the remainder when g is divided by 86.
82
Suppose -2*n + 8 + 0 = 0. Suppose 126 = n*q - m, -4*m + 23 = q - 17. Calculate the remainder when q is divided by (-111)/(-6) + (-3)/2.
15
Let x(q) = 3*q**2. Let b be x(1). Suppose -b*l = -5*l - 4, 3*l = -4*g + 150. Calculate the remainder when g is divided by 8/((-6)/(-90)*6).
19
Suppose 5*j + 97 = 287. Let o be (4/(-32)*2)/(2/8). What is the remainder when (0 + o)*-3*(-438)/(-18) is divided by j?
35
Suppose -6*w + 701 = -5*w. What is the remainder when w is divided by 37?
35
Let y = -46 + 76. Suppose -q = 3*r + q - 171, 2*r = -2*q + 112. Calculate the remainder when r is divided by y.
29
Suppose 0 = 2*v + 34 - 118. What is the remainder when (200/(-80))/(10/(-36)) - -113 is divided by v?
38
Suppose 0 = 3*m + 66 - 12. Let b = m + 40. What is the remainder when 2 - 18/(3 + 46/(-14)) is divided by b?
21
Suppose -190 = -5*n + 5*u, -133 + 16 = -3*n + 4*u. Let p(y) = -2*y - 2. Calculate the remainder when n is divided by p(-4).
5
Let o(b) = -b**3 - 5*b**2 - 3*b - 2. Let w be ((-10)/(-3))/((-8)/12). Calculate the remainder when o(w) is divided by (-2)/(-8) - (-27)/4.
6
Suppose -3*a = -4 - 5. Suppose 6 + 3 = a*g. Suppose g*d + o - 67 = -0*o, -3*o = -d + 39. What is the remainder when d is divided by 13?
11
Suppose -33*u + 252 = -15*u. Suppose 4*r - 7 = -i, 5 = -4*i + 1. What is the remainder when u is divided by r?
0
Suppose -3*g + 2*c = -20, -3*g - c = 4*c + 8. Suppose 136 + 588 = 4*r - g*t, 0 = -4*r + t + 733. Calculate the remainder when r is divided by 37.
36
Let v(h) = -31*h + 59. Let i be v(-6). Suppose -3*x = 4*x - i. Calculate the remainder when 209 is divided by x.
34
Let u(d) = -4*d**3 - 3*d**2 + d + 2. Let o be u(-2). Let c be (-257)/(-4) + (-5)/o. Let w = -43 + c. Calculate the remainder when w is divided by 8.
5
Suppose 4*u = -5*l + 89, 4*u = 2*l - 8 - 22. What is the remainder when -69*3/(-9)*(0 + 1) is divided by l?
6
Suppose 3*j = -3*s + 192, -s + 42 = -5*j + 2. What is the remainder when s is divided by 25?
10
Suppose 1824 - 134 = 10*b. Calculate the remainder when b is divided by 62.
45
Let l(b) = -b**2 + 8*b + 20. Let m be l(10). What is the remainder when 86 is divided by m - (0 + -24 + 2)?
20
Suppose -209 - 21 = -5*c. What is the remainder when 165 is divided by c?
27
Calculate the remainder when 5 + (-4)/(-34) + 1010/85 is divided by (3 + -16 + 1)*-1.
5
Suppose 25*n - 120 = 20*n. Calculate the remainder when 47 is divided by n.
23
Let b = -207 + 227. Calculate the remainder when b is divided by 11.
9
Let w = -32 + 124. Let t = 141 + -117. Calculate the remainder 